ivisor of 252 and 1846512.
36
Calculate the highest common factor of 30993100 and 100.
100
Calculate the highest common divisor of 416 and 715312.
208
Calculate the highest common factor of 11484 and 2128599.
99
What is the highest common factor of 700637 and 63630?
707
What is the greatest common factor of 35433600 and 1380?
60
What is the highest common factor of 694 and 2955537106?
694
Calculate the highest common divisor of 21176 and 280407298.
5294
Calculate the highest common divisor of 1996656 and 12216.
24
Calculate the greatest common divisor of 231 and 117307377.
33
Calculate the greatest common factor of 4 and 4786760.
4
What is the highest common divisor of 15 and 44775410?
5
What is the greatest common divisor of 447000 and 8640?
120
Calculate the greatest common divisor of 1823468 and 38.
38
Calculate the highest common divisor of 40448972 and 536.
268
What is the greatest common divisor of 1260 and 17954440?
140
Calculate the highest common divisor of 440 and 3420656.
8
What is the highest common divisor of 50 and 1882216350?
50
Calculate the greatest common divisor of 1131247 and 52.
13
Calculate the highest common divisor of 49597950 and 150.
150
Calculate the highest common factor of 294 and 147996366.
294
Calculate the greatest common factor of 303090 and 36930.
30
What is the greatest common factor of 2444 and 1348737?
13
What is the greatest common divisor of 439877190 and 12?
6
What is the highest common divisor of 1030972 and 592324?
1492
What is the highest common divisor of 328681 and 380?
19
Calculate the greatest common factor of 882 and 51162.
6
What is the greatest common divisor of 706 and 92182?
2
What is the greatest common divisor of 20650 and 2121050?
2950
What is the greatest common divisor of 38682468 and 176?
44
Calculate the highest common factor of 3268 and 21402132.
3268
What is the greatest common divisor of 275 and 9102550?
25
Calculate the highest common factor of 34 and 456547342.
34
What is the greatest common divisor of 438 and 641166?
6
Calculate the greatest common factor of 35619755 and 200.
5
What is the greatest common factor of 1290 and 74790?
30
Calculate the greatest common factor of 72117 and 54.
27
What is the highest common factor of 2004219 and 116?
29
Calculate the greatest common divisor of 34438985 and 1085.
1085
What is the highest common factor of 1072 and 55503202?
134
Calculate the greatest common factor of 704 and 9529839.
11
What is the greatest common divisor of 299 and 2329093?
13
What is the greatest common factor of 68 and 17860574?
34
Calculate the highest common divisor of 2960589 and 61847.
2689
What is the highest common divisor of 1144 and 35195849?
13
Calculate the highest common factor of 14219 and 1463082.
59
What is the greatest common divisor of 730 and 342637180?
730
Calculate the greatest common factor of 26 and 1688713.
13
What is the greatest common divisor of 15483825 and 1130?
565
What is the greatest common divisor of 216 and 34296129?
27
Calculate the highest common divisor of 280663520 and 320.
160
What is the highest common divisor of 1275 and 1823709?
51
What is the highest common factor of 66 and 2881402?
2
Calculate the highest common divisor of 8757 and 370243041.
2919
What is the greatest common divisor of 4931963 and 2?
1
Calculate the greatest common divisor of 12727942 and 633.
211
What is the greatest common divisor of 503893 and 98189?
1079
What is the greatest common divisor of 53704836 and 5049?
459
Calculate the highest common divisor of 148509 and 1914.
87
What is the greatest common divisor of 2980069 and 116?
29
Calculate the highest common divisor of 513704 and 2406556.
1636
What is the highest common divisor of 245 and 97098939?
49
Calculate the highest common divisor of 602 and 8235962.
602
What is the greatest common factor of 632 and 11837044?
316
Calculate the greatest common factor of 149313480 and 960.
120
Calculate the highest common divisor of 14598 and 3114.
18
What is the greatest common divisor of 11122 and 1142216?
134
Calculate the greatest common divisor of 430360200 and 94.
94
What is the greatest common divisor of 56 and 860116782?
14
What is the highest common divisor of 435682347 and 2748?
687
What is the highest common divisor of 31261 and 1036702?
727
What is the highest common divisor of 45 and 362196414?
9
Calculate the highest common divisor of 6450640 and 5936.
112
Calculate the highest common factor of 2656 and 160107.
83
Calculate the highest common divisor of 15222420 and 76.
76
What is the greatest common divisor of 28726 and 1277724?
106
What is the highest common factor of 14 and 18747960?
14
Calculate the greatest common divisor of 149061437 and 14.
7
What is the greatest common divisor of 75 and 94329975?
75
What is the greatest common divisor of 1049 and 182256407?
1049
Calculate the highest common divisor of 66944 and 73743.
523
What is the highest common factor of 899596 and 471308?
956
What is the greatest common factor of 318248 and 854?
14
What is the greatest common divisor of 28903 and 24465?
7
Calculate the greatest common divisor of 37555 and 85565515.
1015
What is the greatest common factor of 65024 and 147264?
64
What is the greatest common divisor of 10545391 and 86417?
839
What is the greatest common divisor of 783 and 2226501?
27
What is the greatest common divisor of 711120 and 2955?
15
Calculate the greatest common divisor of 641394 and 702.
234
What is the greatest common divisor of 3467305 and 172?
43
What is the greatest common factor of 76162903 and 116?
29
Calculate the highest common divisor of 23064500 and 1000.
500
What is the greatest common factor of 175745079 and 15957?
5319
Calculate the highest common factor of 69249838 and 833.
49
Calculate the greatest common divisor of 1842753 and 95.
19
Calculate the highest common divisor of 800625 and 7581.
21
Calculate the greatest common divisor of 13071 and 4533.
3
What is the greatest common factor of 6898025 and 225?
25
Calculate the greatest common factor of 6901 and 3969929.
103
Calculate the highest common factor of 64 and 1063699424.
32
Calculate the highest common divisor of 126203765 and 4055.
4055
What is the highest common factor of 16886787 and 232?
29
Calculate the greatest common factor of 3657 and 4987830.
159
Calculate the highest common factor of 199716540 and 67218.
3954
Calculate the greatest common factor of 37537332 and 84.
84
Calculate the greatest common divisor of 225381901 and 307.
307
What is the highest common factor of 5160591576 and 10509?
10509
Calculate the greatest common divisor of 14709285 and 125.
5
Calculate the highest common factor of 1689 and 50121638.
563
Calculate the greatest common factor of 148 and 183717654.
74
Calculate the highest common factor of 667609 and 54.
1
Calculate the highest common divisor of 205109730 and 2205.
315
Calculate the greatest common factor of 206413317 and 18.
9
Calculate the greatest common divisor of 519622 and 8432.
1054
Calculate the greatest common divisor of 8718 and 251203358.
2906
Calculate the greatest common factor of 9482095 and 1127.
161
What is the highest common factor of 216189 and 21984553?
2669
Calculate the highest common factor of 103517212 and 73.
73
What is the greatest common divisor of 8690 and 842622?
22
Calculate the highest common factor of 5689936 and 7777.
707
What is the highest common factor of 6387970 and 1630?
1630
Calculate the highest common divisor of 895112 and 35998.
82
Calculate the highest common divisor of 51898 and 22.
22
Calculate the greatest common factor of 408587 and 348024.
853
What is the highest common factor of 6166806 and 1518?
138
Calculate the highest common factor of 3584 and 28042.
14
What is the highest common divisor of 1295805 and 1951641?
5289
Calculate the highest common factor of 4116037 and 12044.
3011
What is the highest common divisor of 633216831 and 26793?
8931
Calculate the highest common factor of 13406475 and 1950.
75
What is the highest common divisor of 9246 and 39052022?
3082
What is the highest common factor of 5052 and 1900675228?
1684
Calculate the highest common divisor of 23042266 and 78.
26
Calculate the highest common factor of 175084 and 112028.
28
Calculate the highest common fact